1). Let j = 37 + v. What is the units digit of j?
5
Let w(l) be the first derivative of -l**4/4 + l**3 - 2*l + 2. Let f be w(3). Let s = f - -10. What is the units digit of s?
8
What is the tens digit of (-114)/(-4) + (-1 - (-6)/4)?
2
Let n(p) = 10*p - 2. Let a be n(-2). Let h = a + 32. Suppose 3 = 3*f, 4*c - 8*c + h = 2*f. What is the units digit of c?
2
Let q be -1 + -3*(-2)/(-2). Let r be (-50)/q - (-6)/4. Suppose 0 = -0*j - 2*j + r. What is the units digit of j?
7
Let d(n) = -2*n - 4. Let k be d(-3). Let y = k + 1. Suppose -44 = y*r - 7*r. What is the tens digit of r?
1
Let q(l) = -2*l - 1. What is the units digit of q(-5)?
9
Suppose 3*j = 15, -2*r - 5 = 3*j - 26. Suppose 2*w + 5*k = -43, -2 = -w + k - 13. Let h = r - w. What is the units digit of h?
7
Suppose -3*f + 222 = f - 3*i, 3*f = -5*i + 152. Let b = f - 25. What is the tens digit of b?
2
Suppose 2*a - j - 35 = 0, -3*a - 17 = 3*j - 74. What is the tens digit of a?
1
Suppose 2*d - 40 = -2*d. Suppose 2*r = -d, 0*v + 28 = 2*v + 4*r. What is the tens digit of v?
2
Suppose -4*k + 2*k = 0. Suppose k = 3*m - 5*m + 26. What is the units digit of m?
3
What is the units digit of -3 - (70 + 3)*-1?
0
Let m(r) = r**3 - 8*r**2 + r + 2. Let p be m(8). Suppose -3*y = 2*y - p. What is the units digit of (6/(-15))/(y/(-20))?
4
Suppose -9 = -6*h + 3*h. Suppose 0 = -5*k - h*j - 13, 0*k - 4*k = 4*j + 12. What is the units digit of (0 - 1)/(k/4)?
2
What is the tens digit of 6/(-9)*-3 + 11?
1
Let g(i) = -i**3 - 32*i**2 - 40*i - 12. What is the units digit of g(-31)?
7
Suppose f + 2 - 5 = 0. What is the units digit of f?
3
Let r(p) = 2*p**2 - 7*p + 1. Let d(s) = -3*s**2 + 7*s - 2. Let w(o) = 3*d(o) + 4*r(o). Let q be w(-7). What is the tens digit of 1/(2/(-11))*q?
1
Let r be (-3 + 3 + -1)*-18. Let u be ((-2)/(-3))/(4/r). Suppose 3*v - u = 3. What is the units digit of v?
2
Suppose i = 5*c + 189, -3*i + 4*c + 0*c = -611. What is the hundreds digit of i?
2
Let c(w) = -3. Let g(l) = l - 1. Let a(n) = -c(n) - g(n). What is the units digit of a(-11)?
5
Suppose 2*q + 54 = -3*m - m, -5*m - 5*q = 80. Let b = 17 + m. What is the units digit of b?
6
Let u = 0 - 4. Let n be 3/2 + (-2)/u. Suppose i + n = 11. What is the units digit of i?
9
Suppose 3*t + 5*p - 33 = 0, 2*p + 42 = 5*t + 6*p. Suppose -t*w = -w - 90. What is the tens digit of w?
1
Let s = 530 - 352. What is the tens digit of s?
7
Suppose 30 + 9 = -5*d - 2*q, q = 5*d + 33. Let n = -2 - d. What is the units digit of n?
5
Let z(v) = -v**3 + 11*v**2 - 16*v + 4. What is the tens digit of z(9)?
2
Let y(i) = -2*i. What is the units digit of y(-3)?
6
Let p be ((-3)/2)/(4/(-8)). Let j be (p + -1 - 10) + 0. What is the units digit of j/4*(0 + -3)?
6
Suppose 3*o = 845 - 242. What is the units digit of o?
1
Suppose -23*y + 16*y + 1610 = 0. What is the hundreds digit of y?
2
Suppose 3*b - 6 = l + 4*l, 4*b = -3*l + 8. Suppose -6*g + 12 + 84 = l. What is the units digit of g?
6
What is the units digit of (-2)/3 + (-276)/(-9)?
0
Let f(d) = -10*d**3 - d**2. Let a be f(-1). Suppose -5*b = -8*b + 3*s - a, 4*b = 5*s - 7. Let x(t) = -2*t - 9. What is the units digit of x(b)?
7
Let p = -272 - -529. What is the hundreds digit of p?
2
Let p(j) be the third derivative of j**6/40 - j**4/12 + j**3/6 - 3*j**2. What is the units digit of p(1)?
2
Let w(l) = l**3 + 5*l**2 + l + 4. Let s be w(-5). Suppose 3*b + 0 = -12. Let r = s - b. What is the units digit of r?
3
Let v = 383 - 270. What is the hundreds digit of v?
1
Let x(d) = d**3 + 4*d**2 - d - 4. Suppose 5*f = f - 12. Let i be x(f). Suppose -k + i = k. What is the units digit of k?
4
Let k = -112 + 166. Suppose 0 = z + z + 4*y + 58, 101 = -3*z + y. Let s = z + k. What is the units digit of s?
1
Suppose 2*x + 15 = 3*x. What is the units digit of x?
5
Suppose g + 2 + 1 = 0. What is the units digit of g/(-18) + (-46)/(-12)?
4
Suppose 2*f = 4*f + 86. Let s = f + 62. What is the tens digit of s?
1
Suppose 1 - 9 = -2*m. Suppose -5*c - 11 = 2*q - 2, 4*q + m*c = 0. Suppose -q*v = -9, -v + 3 + 5 = 5*p. What is the units digit of p?
1
Let b be 345/(-6)*12/(-15). Suppose -2*p + s = -b, 2*p = -s - 19 + 69. What is the units digit of p?
4
Let g(a) = -a**2 + 5*a - 3. Let v be g(3). Let s be 0 + 4*12/v. Suppose -2*u - 2 = -s. What is the units digit of u?
7
Let o = 2 - 2. Suppose 0 = -o*w - w + 12. Let n = w + -5. What is the units digit of n?
7
Suppose 18 = p - 4*q, 2*q - 30 - 16 = -5*p. Let j = -2 + p. What is the units digit of j?
8
What is the units digit of (33/18*4 - 0)*6?
4
Let r(b) be the first derivative of -b**4/4 - 5*b**3/3 + 3*b**2 - 2*b + 2. Let l be r(-6). What is the units digit of -2 + -8*l/4?
2
Let c = 16 - 10. Suppose 2*h = c*h. Suppose 0 = d - 4*b - h*b - 11, 0 = -b + 1. What is the tens digit of d?
1
Let u be 2/(-6)*(-6 - -3). Let y = 0 - u. What is the units digit of (-17)/(-6) - y/6?
3
Suppose 0 = 3*j + 5*z + 84, 0 = 7*j - 3*j + 2*z + 98. Let g = -10 - j. What is the units digit of g?
3
Suppose -p - 174 = -2*g, -g - 2*p = -0*p - 87. What is the tens digit of g?
8
Suppose 15 + 19 = -2*l + 4*g, -4*l = -g + 33. Let i = l - -4. What is the units digit of 16/(-3)*i/2?
8
Let y be 2/(-7) - (-144)/14. Let f be y/1*4/8. What is the units digit of (-3)/((-9)/f)*3?
5
Let t(q) = 21*q**3 - 2*q**2 + q. What is the tens digit of t(1)?
2
Let c be (40/(-8))/(-1 - -2). Let w(j) = j**2 + 6*j + 6. What is the units digit of w(c)?
1
Suppose 5*l = 20, -2*x + l + 5 = 13. What is the units digit of 7/9 + x/(-9)?
1
Let r(h) = 3*h**2 + 11*h - 6. Let y be r(-8). Suppose -4*n = 22 - y. What is the units digit of n?
9
Let q(g) = -g**3 - 8*g**2 + 4*g + 3. Let y be q(-8). Let u be y/(-4) - 1/4. Let r = u - 3. What is the units digit of r?
4
Suppose 0*p = -4*p - 16, 40 = 5*z - 5*p. Suppose -h = -13 - 1. Suppose -z*i + 2*i = -h. What is the units digit of i?
7
Let u = 38 - 8. What is the units digit of u?
0
Let y be 23/2 + 1/2. Suppose h = -c - 2*c + 242, -3*c + 230 = -5*h. What is the units digit of (6/4)/(y/c)?
0
Let c(x) = 2*x**3 - 3*x**2 + x + 1. Let l(j) = -j**2 - 4*j + 7. Let f(d) = d - 1. Let i be f(-4). Let o be l(i). What is the units digit of c(o)?
7
Suppose 4*w - 60 = 3*u, -4*w + 2*u = -2*w - 30. Let k = w + -4. What is the tens digit of k?
1
Suppose -i + 2*i - 30 = 0. Suppose j + i = 5*h + 6*j, h = 4*j + 11. What is the units digit of h?
7
Suppose -25 - 55 = -5*k. What is the tens digit of k?
1
What is the tens digit of 6*(24/(-10))/(2/(-5))?
3
Suppose 0 = 4*c + 3*y - 50, -4*c + 0*c = y - 54. What is the tens digit of c?
1
Let t = 65 + -38. What is the units digit of t?
7
Let q(j) = 3*j**2 + j + 2. Let u = 2 - 0. What is the tens digit of q(u)?
1
Suppose -2*k - 2*k + 4 = -4*w, w = 2. Suppose 4*x = -0*x + 48. Suppose -4*v = 0, -v = -k*d + x + 6. What is the units digit of d?
6
Let r(d) = d + 9. Suppose -4*p = 2*a + 22, 0 = 2*a - 10. What is the units digit of r(p)?
1
Suppose -2*v = 4*v. Let x be (2/6 - 1)*3. Let w = v - x. What is the units digit of w?
2
Let t be 0 + -1*(1 + -14). Suppose 0 = -m + 1 + t. What is the units digit of m + (1 + 0)*-1?
3
Suppose -79 = -3*n - 10. Suppose k - 28 = -j, -n - 71 = -3*k + 2*j. What is the tens digit of k?
3
Let k(b) = 32*b**3 - 2*b**2 + 1. Let j be k(-1). Suppose x - 3 = -6*p + 2*p, 0 = 5*p. What is the tens digit of j*(x - (-10)/(-3))?
1
Let h(p) = -2*p + 19. What is the units digit of h(-3)?
5
Let c = 21 + -13. Suppose -v = 3*l - 2, 4*v + 44 = -l + 2*l. What is the units digit of c/v*(-30)/4?
6
Suppose -2*y + 5 = -5. Suppose y*f - 49 = -i, -4*i - 13 = -f - i. What is the tens digit of f?
1
Let z be (56/(-5))/(5/(-25)). Suppose z = -3*w - w. What is the units digit of -4*1*w/8?
7
Let f = -7 + 13. Let k = f + -11. Let y(p) = p**2 + 2*p - 4. What is the tens digit of y(k)?
1
Let f(c) = 3*c. Let x be f(2). Let p(r) = -r**2 + 7*r - 3. Let l be p(x). What is the units digit of 9*(1 - 2/l)?
3
Let u(r) be the second derivative of 1/12*r**4 - r + 0 + 5/6*r**3 + 0*r**2. What is the units digit of u(-6)?
6
Let b(x) = x**2 - 6*x - 7. Let k be b(7). Suppose 0*u = -2*u + 10. Suppose -u*r - 35 = -5*f, 1 = -r - k. What is the units digit of f?
6
Suppose -366 = 27*d - 33*d. What is the tens digit of d?
6
Let j = 4 - -16. What is the units digit of j?
0
Suppose b + 4*x - 39 = 0, -x - 4*x + 34 = b. What is the units dig